atest common divisor of l and v.
7
Let q = 205 + -110. What is the greatest common divisor of 19 and q?
19
Let w = -22 + 44. Calculate the highest common factor of w and 55.
11
Let w = 1 + 1. Suppose 0 = -3*t - w*t + 60. Calculate the highest common factor of 30 and t.
6
Let w be ((-6)/9)/(2/(-63)). Suppose 3*u + 21 = 3*l - 0*u, 4*u = -3*l + w. Suppose -4*a + 44 - 16 = 0. What is the greatest common factor of l and a?
7
Let o = 41 - 33. Calculate the greatest common divisor of 2 and o.
2
Let j be 4/(-24) - (-187)/6. Calculate the greatest common divisor of 217 and j.
31
Let k(g) = 4*g - 6. Let v be k(15). What is the greatest common divisor of v and 6?
6
Suppose -3*r - 5*g + 75 = 0, 2*r - 83 = -2*r - g. What is the highest common divisor of r and 140?
20
Suppose -6*v + 3*v = 9, n - v - 26 = 0. Let j be 2*3*(-3 + 2). Let b(i) = -i**3 + i**2 + 1. Let h be b(j). What is the highest common divisor of n and h?
23
Let n(s) be the third derivative of -s**4/12 - s**3/2 + 4*s**2. Let a be n(-3). What is the greatest common divisor of a and 12?
3
Let b(c) = c**3 - 6*c**2 - 8*c + 10. Let s be b(7). Calculate the highest common factor of s and 2.
1
Let q(s) = -3*s - 5. Let i be q(-3). Suppose -i*u + 2*u = -98. What is the highest common factor of 7 and u?
7
Suppose 3*z + 2*b - 31 = 0, 2*b = -3*z - b + 33. Suppose -4*v + 51 = -21. What is the greatest common divisor of z and v?
9
Suppose -3 = -2*q + 7. Suppose -h - g = g - 2, -q*h + 2*g = -46. Let t(p) = 14*p - 2. Let c be t(3). What is the greatest common factor of h and c?
8
Let t(o) = -2*o + 2. Let r be t(-4). What is the greatest common divisor of r and 2?
2
Suppose 2*l + 2*l - 52 = 0. Let h be (l*4)/4 + 2. What is the highest common factor of 60 and h?
15
Let m = -41 - -83. What is the greatest common factor of 42 and m?
42
Let a(x) = -x + 2. Let p be a(-5). Suppose -2*i - 57 = -3*d + 180, -3*d + 228 = i. Calculate the highest common divisor of p and d.
7
Let d be 111/3 - (-2 - -6). Let h be 44/(-2)*(-2)/4. Calculate the greatest common divisor of d and h.
11
Let j be ((-84)/35)/((-1)/75). What is the highest common divisor of j and 20?
20
Let s be (-2)/8 + 15/12. Suppose -s - 5 = 3*u, 3*i - 2*u + 56 = 0. Let j = i - -35. Calculate the highest common factor of j and 10.
5
Suppose 5*o = -1 - 24. Let r be (o/3)/((-1)/3). Suppose 3*l - 119 - 16 = 0. Calculate the greatest common divisor of r and l.
5
Let f(k) = -k**3 + 3*k + 2. Let h be f(-2). Suppose h*o - 40 = -o. What is the greatest common divisor of 56 and o?
8
Let x be ((-11)/(-3))/((-4)/12). Let b = 20 + x. Calculate the greatest common divisor of b and 63.
9
Suppose 3*n = 4*n + 2*h, 2*h - 12 = -4*n. Let f be (-244)/(-6) - n/6. Calculate the greatest common factor of f and 10.
10
Let v(q) = -q**3 - 6*q**2 - 5*q + 4. Let b be v(-5). Calculate the highest common factor of 12 and b.
4
Suppose -i = 2*i - 36. What is the greatest common divisor of i and 96?
12
Let l = 60 - 34. Calculate the highest common divisor of 65 and l.
13
Suppose -184 = -5*k + 306. Suppose -6 - 14 = -5*b. Suppose 0 = -j + 18 - b. Calculate the highest common factor of k and j.
14
Let f be 4/(-10) - (-44)/10. Suppose 3*w = 23 + f. What is the highest common factor of w and 63?
9
Let o = -4 + 8. Suppose -4*w = -w - 15, o*w = q - 24. What is the greatest common divisor of q and 11?
11
Let j(l) = -2*l**2 + 18*l + 10. Let a be j(8). What is the greatest common divisor of 52 and a?
26
Suppose -4*u + u = 21. Suppose -5*a - 594 - 46 = 0. Let o be 4/(-14) + a/u. What is the greatest common divisor of o and 162?
18
Suppose -2*z + 17 + 87 = 0. Suppose -3*m = -m - z. What is the highest common factor of 26 and m?
26
Suppose -3*h = h - 64. Suppose -25 = 5*m, 0 = f - m - 4 - 5. Suppose -4*y = -f*g - 20, 6 + 6 = 4*g. Calculate the greatest common factor of y and h.
8
Let g = 46 + -12. What is the highest common divisor of g and 17?
17
Let j = 76 - -99. Calculate the greatest common factor of j and 25.
25
Let f be 7/(35/55) + -6 + 2. What is the greatest common divisor of f and 91?
7
Let a(m) = -8*m - 25. Let k be a(-21). Calculate the greatest common factor of 13 and k.
13
Suppose 0 = g + r + 3*r + 22, -g = -2*r + 4. Let w be (-58)/(-5) + (-4)/g. Let x = 20 + 28. What is the greatest common divisor of x and w?
12
Let i = 653 - 382. Let n(p) = p**3 - 6*p**2 - 7*p. Let y be n(7). Suppose -4*h + 49 + i = y. Calculate the greatest common factor of 16 and h.
16
Suppose 5*k = -0*r + 2*r + 15, -4*k = -5*r - 12. Suppose r = -4*a - a + 20. Calculate the greatest common factor of a and 10.
2
Let k = 122 - 71. Let w = -11 + 11. Suppose w = 3*f + 15 - 117. What is the greatest common factor of k and f?
17
Let x be (35 - -1) + (-2)/2. Let q be (-3 + x)/(2/9). Suppose k - 4*k + q = 0. Calculate the highest common factor of k and 12.
12
Let f(h) = h**2 + 6*h - 2. Let u be f(-6). Let b be 19 - ((6 - 3) + u). Calculate the greatest common divisor of 45 and b.
9
Suppose 8*i - 40 = 4*i. What is the highest common factor of 200 and i?
10
Let w(d) = -d + 4. Let k(z) = z**2 + 6*z - 3. Let i be k(-6). Let h be w(i). Suppose -96 = 3*p - h*p. What is the greatest common factor of p and 12?
12
Suppose -14 = -5*o + 2*s + 2*s, -5*o - 5*s = -5. Let r be 5/o - (-1)/(-2). Calculate the greatest common divisor of r and 6.
2
Suppose 40 = 2*t + 2*t. Suppose -c - g - 4*g = -10, -4*c + 4*g + 16 = 0. Calculate the greatest common factor of t and c.
5
Let l(v) = -186*v**3 + 2*v**2 + v - 2. Let x be l(-1). Calculate the highest common divisor of x and 37.
37
Let x be 0 - -2 - 6*-21. Suppose -5*v + x = l, -2*v - 2*l = -4*v + 44. What is the greatest common factor of v and 10?
5
Suppose -6*g = -2*s - g + 37, 0 = -3*g - 3. Calculate the greatest common divisor of 144 and s.
16
Let i(j) = j**3 - j**2 - 3*j + 2. Let x(m) = -m**3 - 6*m**2 - 7*m - 7. Let k be x(-5). Let g be i(k). What is the highest common divisor of 55 and g?
11
Suppose -5*l + 455 = -s, -9*l + 13*l = 4*s + 364. Calculate the highest common factor of 26 and l.
13
Let r = 8 + -5. Let o be 22/6 - r/(-9). What is the greatest common divisor of 1 and o?
1
Let m = 6 + -4. Suppose -m*l + 369 + 401 = 0. What is the highest common factor of 35 and l?
35
Let z(j) = j**2 + 6*j - 3. Let a(x) = -9*x**2 - x - 1. Let f be a(-1). Let s be z(f). What is the highest common factor of 192 and s?
24
Let t be (4/10)/(5/175). Suppose 4*d + 55 = 5*p - d, p - t = 2*d. Calculate the greatest common divisor of 8 and p.
8
Let d be 7/1 + 6 + -7. Calculate the highest common divisor of 3 and d.
3
Suppose 5*k - k = 36. Suppose -156 = -4*y + 4*f, -k = -y - f + 30. What is the greatest common divisor of y and 13?
13
Let a be 0 - (0 - 2) - -11. What is the greatest common divisor of 26 and a?
13
Suppose 0*q - 77 = -q. Let t = q + -168. Let d = t - -182. Calculate the highest common divisor of d and 13.
13
Let s = -17 - -25. Calculate the highest common factor of s and 40.
8
Let v = -4 - -8. Let a(w) = w**3 - 5*w**2 + 3*w + 3. Let h be a(v). Let t be (-2 - -3) + (22 - h). What is the greatest common divisor of t and 3?
3
Let t(q) = q + 10. Let d be t(-5). Suppose 5*b - 135 = -3*y + 2*y, d*y - 612 = -4*b. What is the greatest common divisor of 24 and y?
24
Let v = -4 + 5. Let r = v - 1. Suppose -5*c - 5*a + 295 = r, -107 + 5 = -2*c + 2*a. Calculate the highest common divisor of 11 and c.
11
Let z(b) = 13*b**2 - b + 2. Let a be z(2). Calculate the highest common factor of a and 13.
13
Let s(t) = -2*t**3 + 3*t**2 + 2*t + 1. Let x be s(-2). Let r = -16 - -21. Calculate the greatest common divisor of x and r.
5
Let c(j) = j**2 + 22*j - 28. Let x be c(-24). What is the greatest common factor of x and 20?
20
Let n be (4/2)/(1/10). Let q be (-1)/3 - 234/(-54). What is the highest common factor of n and q?
4
Suppose 76 - 2 = -2*h. Let l(b) = -16*b - 1. Let a be l(4). Let k = h - a. Calculate the highest common factor of 70 and k.
14
Let x(v) = -11*v**3 + v**2 + 2*v + 3. Let z be x(-2). Let c = 13 + 0. What is the greatest common factor of c and z?
13
Suppose 5*v = -4*v + 81. Calculate the greatest common divisor of v and 36.
9
Let y be (15/6 + -3)*-26. Let v be ((-156)/15)/((-10)/25). What is the highest common factor of y and v?
13
Let m = -260 + 634. Calculate the greatest common factor of m and 34.
34
Let